0100 + 1110?
10000010
In base 15, what is 9 + 2?
b
In base 2, what is 11 + 111001001?
111001100
In base 15, what is 2a - 24?
6
In base 12, what is 4 - -b1?
b5
In base 9, what is 0 + -10342?
-10342
In base 9, what is -20446 - -1?
-20445
In base 16, what is -3 + -7da?
-7dd
In base 7, what is 230 + -5?
222
In base 16, what is 5 - af?
-aa
In base 8, what is 2 + -323?
-321
In base 3, what is 11 - -10112?
10200
In base 6, what is 125 + 51?
220
In base 11, what is -2a39 + -8?
-2a46
In base 2, what is 101011011 + 11?
101011110
In base 11, what is 5 - 0?
5
In base 11, what is 16a - -17?
186
In base 16, what is -57 + 4?
-53
In base 15, what is -7 - b?
-13
In base 4, what is -10 + 200?
130
In base 9, what is 11 - 1?
10
In base 8, what is 720 + 3?
723
In base 8, what is -7211 + 1?
-7210
In base 2, what is -1010010110 + -101?
-1010011011
In base 5, what is -34 - 2?
-41
In base 16, what is -7c + 17?
-65
In base 8, what is 35 + 125?
162
In base 7, what is 60 - -1?
61
In base 9, what is 75 - -118?
204
In base 9, what is -5 - -300?
284
In base 8, what is -50 - 2?
-52
In base 13, what is 1b277 - 2?
1b275
In base 14, what is 1828 - -5?
182d
In base 4, what is -11130012 + 3?
-11130003
In base 8, what is -1 + -155?
-156
In base 6, what is 0 - 153?
-153
In base 6, what is 1 - -5104?
5105
In base 9, what is 4 + -723?
-718
In base 15, what is -8 + 55?
4c
In base 8, what is -20 + -200?
-220
In base 15, what is 3 + -3d1?
-3cd
In base 8, what is 0 + -300?
-300
In base 8, what is -4 + 123?
117
In base 11, what is -2 + 5?
3
In base 3, what is -12111 + 0?
-12111
In base 13, what is 4 + -1a?
-16
In base 2, what is 11101 - 10001?
1100
In base 12, what is -336 - 3?
-339
In base 8, what is 14 + -1010?
-774
In base 4, what is 21322 - 23?
21233
In base 6, what is -2 + -51?
-53
In base 16, what is -f + -9?
-18
In base 14, what is -8 - 87?
-91
In base 3, what is -20001001 + -1?
-20001002
In base 15, what is 23 - -87?
aa
In base 5, what is -2 + 13?
11
In base 7, what is 24 + -34?
-10
In base 7, what is -32552 - -5?
-32544
In base 14, what is 92 + 11?
a3
In base 10, what is 17 + -4?
13
In base 9, what is -35 - 1?
-36
In base 8, what is -22 - 25?
-47
In base 8, what is -3 - 215?
-220
In base 15, what is 2 + a03?
a05
In base 16, what is -5 - 4f?
-54
In base 7, what is -3 - -155?
152
In base 9, what is -7641 - -2?
-7638
In base 3, what is 101 - -1002?
1110
In base 14, what is -159 - 2?
-15b
In base 9, what is 126 + -3?
123
In base 9, what is 2 + -184?
-182
In base 5, what is 1 + 214?
220
In base 4, what is 301 - -3120?
10021
In base 8, what is -4557 + 7?
-4550
In base 10, what is -119 + -5?
-124
In base 7, what is -6015 + 5?
-6010
In base 8, what is -4 - 13?
-17
In base 7, what is 224 - -26?
253
In base 9, what is 3 + -5?
-2
In base 9, what is 13108 - 5?
13103
In base 7, what is -13 - -2421?
2405
In base 13, what is 8 - 32?
-27
In base 12, what is -27 - -1?
-26
In base 15, what is -227 + 3?
-224
In base 10, what is 3 - -99?
102
In base 14, what is -2 - -1a6?
1a4
In base 5, what is -3012 + -132?
-3144
In base 10, what is -4 - -37?
33
In base 12, what is -2 + 2a?
28
In base 15, what is -2 + -412?
-414
In base 5, what is -1 - 33121?
-33122
In base 9, what is 612 + 16?
628
In base 7, what is 0 - -101?
101
In base 8, what is -556 - 13?
-571
In base 6, what is -110343 - -3?
-110340
In base 6, what is 0 - 13035?
-13035
In base 3, what is -102012 - 22?
-102111
In base 6, what is -5 - -4235?
4230
In base 10, what is -8321 + 2?
-8319
In base 16, what is -6 + 16?
10
In base 11, what is -25 - 15?
-3a
In base 11, what is -1596 + 3?
-1593
In base 5, what is -2 + -1200?
-1202
In base 12, what is -35 - 58?
-91
In base 12, what is -5 + 0?
-5
In base 11, what is -86 - a?
-95
In base 14, what is b54 - 1?
b53
In base 9, what is 341 - -2?
343
In base 7, what is -20 + -421?
-441
In base 11, what is -2 - -202?
200
In base 2, what is 1101 - 1110?
-1
In base 14, what is 2 - 6c?
-6a
In base 13, what is 18 + -b3?
-98
In base 10, what is 2 + -1835?
-1833
In base 2, what is -1000100111110 + -110?
-1000101000100
In base 2, what is -1010001000 + 10?
-1010000110
In base 6, what is 3 + -1253?
-1250
In base 5, what is 1 - -21?
22
In base 2, what is 10010 + -110?
1100
In base 6, what is -2 + 100?
54
In base 14, what is -2 + -d7?
-d9
In base 5, what is -3 - -4223?
4220
In base 10, what is -610 - -5?
-605
In base 4, what is -220 + 3?
-211
In base 6, what is -4 + -30423?
-30431
In base 15, what is 5 - 157b?
-1576
In base 11, what is -8a06 + -1?
-8a07
In base 6, what is -214 + 4?
-210
In base 6, what is 10245 - 5?
10240
In base 5, what is -20324 + 10?
-20314
In base 16, what is 6 - 311?
-30b
In base 3, what is 21221101 - -1?
21221102
In base 9, what is -10803 + 1?
-10802
In base 13, what is -6b99 + -3?
-6b9c
In base 7, what is -2 + 3604?
3602
In base 8, what is -1 - -163?
162
In base 10, what is -5 + -31?
-36
In base 9, what is 175 + -32?
143
In base 3, what is -20 - -1011?
221
In base 5, what is -3 + -2103?
-2111
In base 14, what is 2 - -67?
69
In base 9, what is 10405 - 2?
10403
In base 4, what is -2 - 202002?
-202010
In base 3, what is 21 + 211?
1002
In base 4, what is -3 + -3011?
-3020
In base 15, what is c5 - 5?
c0
In base 4, what is 0 - -232013?
232013
In base 2, what is -11110 - 1?
-11111
In base 12, what is 19b - a?
191
In base 5, what is -4 + 111?
102
In base 3, what is 2212211 - 2?
2212202
In base 5, what is 33411 + -3?
33403
In base 8, what is -337 + 5?
-332
In base 16, what is -5 + -745?
-74a
In base 7, what is -5661 - -20?
-5641
In base 9, what is -242 + 0?
-242
In base 15, what is -8 - -1e?
16
In base 14, what is -62 + -2?
-64
In base 9, what is 12 + 415?
427
In base 8, what is 2201 + 33?
2234
In base 2, what is -100 + -110110101110?
-110110110010
In base 7, what is 1 - -30?
31
In base 7, what is 123 + 10?
133
In base 12, what is 21 - -85?
a6
In base 7, what is 1 - 154?
-153
In base 3, what is -200200 + -10?
-200210
In base 11, what is -1 + 9?
8
In base 7, what is 1 + -264?
-263
In base 16, what is 41 - -1?
42
In base 10, what is -4 + 96?
92
In base 13, what is 43c + -4?
438
In base 5, what is 2001411 + -4?
2001402
In base 15, what is 23a + -1?
239
In base 6, what is 142 + -223?
-41
In base 12, what is 1 - -92?
93
In base 12, what is 91a - 8?
912
In base 14, what is 3 + -57?
-54
In base 6, what is -11 + -145?
-200
In base 9, what is 2 + -25?
-23
In base 11, what is 5 + -52?
-48
In base 8, what is -1150 - -1?
-1147
In base 7, what is 3 + 10?
13
In base 12, what is -20b - -7?
-204
In base 14, what is 61 + c?
6d
In base 16, what is 1333 - 5?
132e
In base 13, what is -1 + 360?
35c
In base 15, what is 0 + -2?
-2
In base 8, what is 150 - 2?
146
In base 11, what is 4 + -274?
-270
In base 8, what is 72 - -10?
102
In base 3, what is 1221 + -10?
1211
In base 4, what is 313 + 11?
330
In base 12, what is 87 - 3?
84
In base 10, what is 17872 - 1?
17871
In base 9, what is 20 - -502?
522
In base 5, what is 3030 - 21?
3004
In base 12, what is 0 + 120?
120
In base 10, what is 2 + 5?
7
In base 10, what is -24 - -11?
-13
In base 8, what is 3 - 104?
-101
In base 16, what is -21 + -92?
-b3
In base 14, what is 5722 + -2?
5720
In base 16, what is -87 + b?
-7c
In base 5, what is -1134 - -303?
-331
In base 9, what is 63 - 42?
21
In base 11, what is -2 - -49?
47
In base 13, what is -2 - -2b7?
2b5
In base 8, what is -5 - 14?
-21
In base 4, what is 1111 + -11?
1100
In base 5, what is -1 - 1011?
-1012
In base 11, what is 186 + -3?
183
In base 6, what is 54433 + 4?
54441
In base 4, what is -202133 - 3?
-202202
In base 4, what is -2 + 13020?
13012
In base 5, what is 414 - 2?
412
In base 5, what is 2 - 423?
-421
In base 8, what is -11 + 33?
22
In base 4, what is -2031 - -123?
-1302
In base 7, what is 5 + 3163?
3201
In base 11, what is 866 - 3?
863
In base 13, what is 38 - -90?
c8
In base 14, what is 26d5 + 3?
26d8
In base 14, what is 4 - 8?
-4
In base 5, what is -1030 + -133?
-1213
In base 8, what is -23345 - 4?
-23351
In base 3, what is -12 + 111?
22
In base 9, what is -1 + 2400?
2388
In base 15, what is -7 + 2b4?
2ac
In base 13, what is -61c + 3?
-619
In base 13, what is 4 - 2223?
-221c
In base 8, what is -752 - -2?
-750
In base 6, what is 1432 - 2?
1430
In base 9, what is 0 + 82?
82
In base 3, what is -1120 + 1102?
-11
In base 13, wh